ded by 48?
47
What is the remainder when 2614 is divided by 12?
10
Calculate the remainder when 248376 is divided by 56.
16
Calculate the remainder when 19588 is divided by 9792.
4
What is the remainder when 16841 is divided by 1049?
57
Calculate the remainder when 359765 is divided by 983.
970
Calculate the remainder when 93148 is divided by 13.
3
What is the remainder when 25666 is divided by 25640?
26
Calculate the remainder when 2388 is divided by 501.
384
What is the remainder when 25902 is divided by 102?
96
What is the remainder when 7024 is divided by 576?
112
Calculate the remainder when 662147 is divided by 5.
2
What is the remainder when 16306 is divided by 621?
160
What is the remainder when 5767 is divided by 412?
411
Calculate the remainder when 5760862 is divided by 996.
994
What is the remainder when 343689 is divided by 19?
17
Calculate the remainder when 21320 is divided by 158.
148
What is the remainder when 5594 is divided by 151?
7
Calculate the remainder when 191782 is divided by 605.
602
What is the remainder when 138581 is divided by 19?
14
What is the remainder when 4210 is divided by 180?
70
Calculate the remainder when 633378 is divided by 248.
234
What is the remainder when 11709 is divided by 607?
176
What is the remainder when 62224 is divided by 59?
38
Calculate the remainder when 2714 is divided by 63.
5
Calculate the remainder when 7075 is divided by 151.
129
What is the remainder when 10332 is divided by 70?
42
What is the remainder when 9206 is divided by 3053?
47
Calculate the remainder when 15838 is divided by 17.
11
What is the remainder when 46221 is divided by 215?
211
What is the remainder when 423421 is divided by 229?
0
Calculate the remainder when 3334 is divided by 303.
1
Calculate the remainder when 54331 is divided by 13531.
207
Calculate the remainder when 9677 is divided by 154.
129
What is the remainder when 558 is divided by 174?
36
What is the remainder when 2527 is divided by 188?
83
What is the remainder when 149326 is divided by 408?
406
What is the remainder when 1883452 is divided by 470863?
0
Calculate the remainder when 9063 is divided by 1006.
9
Calculate the remainder when 147667 is divided by 183.
169
What is the remainder when 17640 is divided by 74?
28
Calculate the remainder when 14310 is divided by 1099.
23
Calculate the remainder when 34550 is divided by 1502.
4
What is the remainder when 1383739 is divided by 276747?
4
Calculate the remainder when 4623 is divided by 113.
103
Calculate the remainder when 5511 is divided by 26.
25
What is the remainder when 71345 is divided by 532?
57
Calculate the remainder when 2249 is divided by 427.
114
Calculate the remainder when 17951 is divided by 596.
71
Calculate the remainder when 7709 is divided by 430.
399
What is the remainder when 26485 is divided by 631?
614
What is the remainder when 11637 is divided by 64?
53
What is the remainder when 1979547 is divided by 830?
827
What is the remainder when 24777 is divided by 8208?
153
Calculate the remainder when 475826 is divided by 90.
86
What is the remainder when 304 is divided by 23?
5
What is the remainder when 4493 is divided by 1598?
1297
Calculate the remainder when 4901 is divided by 38.
37
Calculate the remainder when 1048 is divided by 24.
16
Calculate the remainder when 212273 is divided by 710.
693
What is the remainder when 233018 is divided by 58253?
6
What is the remainder when 85475 is divided by 3286?
39
What is the remainder when 8005 is divided by 138?
1
Calculate the remainder when 236 is divided by 141.
95
Calculate the remainder when 3094275 is divided by 33.
30
Calculate the remainder when 51603 is divided by 382.
33
Calculate the remainder when 121562 is divided by 262.
256
What is the remainder when 40953 is divided by 6825?
3
Calculate the remainder when 16645 is divided by 73.
1
Calculate the remainder when 2411 is divided by 1135.
141
Calculate the remainder when 30547 is divided by 58.
39
Calculate the remainder when 3251 is divided by 7.
3
What is the remainder when 176924 is divided by 58974?
2
Calculate the remainder when 4175 is divided by 512.
79
What is the remainder when 33433 is divided by 11104?
121
What is the remainder when 117018 is divided by 13000?
18
What is the remainder when 7005 is divided by 161?
82
What is the remainder when 312762 is divided by 7819?
2
What is the remainder when 66604 is divided by 55?
54
Calculate the remainder when 29167 is divided by 32.
15
What is the remainder when 1550 is divided by 117?
29
What is the remainder when 547340 is divided by 111?
110
Calculate the remainder when 786 is divided by 237.
75
Calculate the remainder when 4853 is divided by 256.
245
Calculate the remainder when 66070 is divided by 128.
22
What is the remainder when 3392089 is divided by 9?
7
What is the remainder when 27617 is divided by 29?
9
What is the remainder when 218487 is divided by 26?
9
What is the remainder when 5512 is divided by 1329?
196
Calculate the remainder when 84319 is divided by 1110.
1069
What is the remainder when 277597 is divided by 30844?
1
Calculate the remainder when 43156 is divided by 592.
532
Calculate the remainder when 43496 is divided by 2418.
2390
What is the remainder when 298684 is divided by 85?
79
What is the remainder when 11988 is divided by 1015?
823
What is the remainder when 539718 is divided by 31748?
2
What is the remainder when 6308 is divided by 788?
4
Calculate the remainder when 2674 is divided by 1083.
508
Calculate the remainder when 981 is divided by 483.
15
What is the remainder when 519563 is divided by 33?
11
What is the remainder when 18080 is divided by 287?
286
What is the remainder when 874 is divided by 100?
74
What is the remainder when 2432 is divided by 51?
35
What is the remainder when 16897 is divided by 457?
445
What is the remainder when 613 is divided by 257?
99
Calculate the remainder when 4171 is divided by 705.
646
Calculate the remainder when 1820 is divided by 430.
100
Calculate the remainder when 200 is divided by 89.
22
What is the remainder when 41806 is divided by 20890?
26
Calculate the remainder when 75134 is divided by 64.
62
What is the remainder when 517 is divided by 252?
13
What is the remainder when 9049091 is divided by 817?
816
What is the remainder when 14023 is divided by 582?
55
What is the remainder when 5553 is divided by 126?
9
What is the remainder when 190814 is divided by 8?
6
Calculate the remainder when 60418 is divided by 20131.
25
What is the remainder when 352271 is divided by 13?
10
Calculate the remainder when 4130 is divided by 340.
50
Calculate the remainder when 1134908 is divided by 269.
266
Calculate the remainder when 10296 is divided by 1138.
54
What is the remainder when 8112 is divided by 18?
12
Calculate the remainder when 996 is divided by 87.
39
Calculate the remainder when 341247 is divided by 325.
322
Calculate the remainder when 636434 is divided by 428.
426
Calculate the remainder when 1968 is divided by 392.
8
What is the remainder when 1454493 is divided by 35?
33
What is the remainder when 176227 is divided by 88110?
7
Calculate the remainder when 2634 is divided by 643.
62
Calculate the remainder when 11154 is divided by 1368.
210
Calculate the remainder when 17868 is divided by 721.
564
Calculate the remainder when 22732 is divided by 22720.
12
Calculate the remainder when 19367 is divided by 33.
29
What is the remainder when 206570 is divided by 68836?
62
What is the remainder when 6685 is divided by 17?
4
What is the remainder when 42139 is divided by 577?
18
Calculate the remainder when 47352 is divided by 463.
126
What is the remainder when 10801 is divided by 148?
145
What is the remainder when 543566 is divided by 249?
248
Calculate the remainder when 257 is divided by 65.
62
Calculate the remainder when 2092 is divided by 2023.
69
Calculate the remainder when 34405 is divided by 201.
34
What is the remainder when 84058 is divided by 45?
43
Calculate the remainder when 45588 is divided by 179.
122
Calculate the remainder when 2633 is divided by 871.
20
Calculate the remainder when 6239 is divided by 120.
119
What is the remainder when 601 is divided by 304?
297
What is the remainder when 4856543 is divided by 